st the prime factors of 107877407.
11, 337, 29101
List the prime factors of 80464451.
17, 4733203
What are the prime factors of 1688244162?
2, 3, 11, 25579457
What are the prime factors of 73598766?
2, 3, 12266461
What are the prime factors of 652715859?
3, 41, 1663, 3191
What are the prime factors of 14970784?
2, 19, 24623
List the prime factors of 7820334.
2, 3, 97, 1493
List the prime factors of 381588312.
2, 3, 7, 41, 55399
What are the prime factors of 317157598?
2, 47, 3374017
What are the prime factors of 39484588?
2, 11, 13, 69029
What are the prime factors of 183307788?
2, 3, 5091883
What are the prime factors of 46961274?
2, 3, 19, 411941
What are the prime factors of 1757578582?
2, 29, 30303079
List the prime factors of 165838904.
2, 7, 11, 269219
List the prime factors of 1468809615.
3, 5, 7, 13, 1076051
List the prime factors of 2866954515.
3, 5, 109, 127, 13807
What are the prime factors of 557820205?
5, 47, 139, 17077
List the prime factors of 281629699.
13, 31, 22543
List the prime factors of 512349625.
5, 4098797
List the prime factors of 4389080242.
2, 47, 46692343
List the prime factors of 198492399.
3, 7, 1693, 1861
List the prime factors of 24511941.
3, 2723549
List the prime factors of 26635728.
2, 3, 7, 79273
What are the prime factors of 5744266094?
2, 7, 991, 414031
List the prime factors of 14859597.
3, 4953199
What are the prime factors of 52283004?
2, 3, 1447, 3011
What are the prime factors of 26355791?
7, 11, 342283
List the prime factors of 732410872.
2, 91551359
What are the prime factors of 1745550827?
1745550827
List the prime factors of 35746594.
2, 13, 1374869
List the prime factors of 3889293908.
2, 29663, 32779
List the prime factors of 33131151.
3, 3681239
List the prime factors of 1159506424.
2, 144938303
List the prime factors of 20178555.
3, 5, 71, 18947
What are the prime factors of 287897526?
2, 3, 7, 67, 509
List the prime factors of 24277880.
2, 5, 11, 23, 2399
List the prime factors of 1148740567.
13, 1907, 46337
List the prime factors of 510584487.
3, 7, 24313547
What are the prime factors of 42321176?
2, 5290147
What are the prime factors of 1269313850?
2, 5, 7, 3626611
What are the prime factors of 304693575?
3, 5, 29, 31, 4519
List the prime factors of 4754681164.
2, 23, 227, 227671
List the prime factors of 4956041183.
37, 53, 181, 13963
List the prime factors of 78414228.
2, 3, 2178173
What are the prime factors of 1034083940?
2, 5, 51704197
What are the prime factors of 2179486599?
3, 19, 353, 5701
List the prime factors of 348259267.
348259267
What are the prime factors of 30495407?
227, 134341
What are the prime factors of 2025440752?
2, 126590047
What are the prime factors of 4555180?
2, 5, 7, 32537
What are the prime factors of 59949483?
3, 11, 1816651
List the prime factors of 110949334.
2, 103, 538589
List the prime factors of 352916260.
2, 5, 17, 19, 54631
List the prime factors of 1815210003.
3, 17, 35592353
What are the prime factors of 40010459?
29, 487, 2833
List the prime factors of 224286598.
2, 112143299
What are the prime factors of 571335119?
29, 113, 174347
What are the prime factors of 2075594533?
53, 39162161
What are the prime factors of 2756736222?
2, 3, 109, 4215193
What are the prime factors of 104131229?
19, 5480591
List the prime factors of 49533015.
3, 5, 7, 29, 16267
What are the prime factors of 1772602692?
2, 3, 7, 31, 41, 16603
List the prime factors of 2309526887.
53, 43575979
What are the prime factors of 74364344?
2, 9295543
List the prime factors of 3512362806.
2, 3, 31, 6294557
List the prime factors of 75491812.
2, 11, 1715723
List the prime factors of 1737349438.
2, 11, 7243, 10903
List the prime factors of 644652891.
3, 2027, 11779
List the prime factors of 6355966060.
2, 5, 317798303
What are the prime factors of 122627883?
3, 7, 1163, 5021
List the prime factors of 31918778.
2, 31, 514819
What are the prime factors of 50505163?
50505163
List the prime factors of 1937449149.
3, 17, 37989199
List the prime factors of 9321820.
2, 5, 466091
List the prime factors of 51204860.
2, 5, 7, 365749
What are the prime factors of 3076388344?
2, 19, 103, 196499
List the prime factors of 118346747.
31, 941, 4057
List the prime factors of 94754521.
37, 607, 4219
List the prime factors of 273038081.
273038081
List the prime factors of 76961506.
2, 38480753
List the prime factors of 5410468310.
2, 5, 13, 19, 2190473
What are the prime factors of 346429192?
2, 101, 107, 4007
What are the prime factors of 186250444?
2, 3797, 12263
What are the prime factors of 1761052341?
3, 2693, 217979
List the prime factors of 50121557.
41, 367, 3331
List the prime factors of 1258299736.
2, 157, 1001831
List the prime factors of 86554160.
2, 5, 7, 11, 14051
List the prime factors of 1333459976.
2, 19, 8772763
What are the prime factors of 6519567?
3, 83, 26183
What are the prime factors of 3598588027?
23, 156460349
List the prime factors of 89208592.
2, 11, 389, 1303
What are the prime factors of 1652969626?
2, 7, 11, 139397
What are the prime factors of 1727506?
2, 11, 17, 31, 149
List the prime factors of 4612178701.
13, 131, 2708267
What are the prime factors of 278117605?
5, 61, 911861
List the prime factors of 127869488.
2, 41, 421, 463
What are the prime factors of 182392238?
2, 7, 157, 82981
What are the prime factors of 47279142?
2, 3, 17, 367, 421
List the prime factors of 365918234.
2, 11, 17, 31, 37, 853
List the prime factors of 4629928190.
2, 5, 4019, 115201
What are the prime factors of 1871001573?
3, 7, 19, 563, 8329
What are the prime factors of 15710964?
2, 3, 67, 19541
What are the prime factors of 109916726?
2, 241, 457, 499
List the prime factors of 1741481805.
3, 5, 7, 2369363
What are the prime factors of 480085534?
2, 240042767
What are the prime factors of 198415368?
2, 3, 2755769
List the prime factors of 6650552.
2, 43, 19333
List the prime factors of 296566436.
2, 74141609
List the prime factors of 948633623.
7, 135519089
What are the prime factors of 2449191418?
2, 15287, 80107
What are the prime factors of 229183297?
7, 32740471
What are the prime factors of 795216860?
2, 5, 39760843
What are the prime factors of 84784769?
421, 201389
List the prime factors of 4636073582.
2, 7, 37, 2903, 3083
What are the prime factors of 28597129?
11, 2599739
List the prime factors of 334499101.
1613, 207377
What are the prime factors of 255380669?
139, 1837271
What are the prime factors of 194490227?
194490227
What are the prime factors of 1523253232?
2, 95203327
What are the prime factors of 618774447?
3, 907, 227407
What are the prime factors of 52894712?
2, 13, 257, 1979
List the prime factors of 2599770.
2, 3, 5, 19, 4561
List the prime factors of 93451065.
3, 5, 251, 24821
List the prime factors of 493592425.
5, 1277, 15461
What are the prime factors of 735384890?
2, 5, 61, 1205549
What are the prime factors of 32669200?
2, 5, 23, 53, 67
List the prime factors of 5114646434.
2, 41, 359, 173743
What are the prime factors of 744978701?
31, 83, 139, 2083
List the prime factors of 199649172.
2, 3, 41, 43, 9437
List the prime factors of 1865545736.
2, 1471, 158527
What are the prime factors of 130133079?
3, 17, 107, 7949
List the prime factors of 1947972575.
5, 31, 47, 53479
List the prime factors of 271042697.
337, 804281
What are the prime factors of 639361256?
2, 251, 318407
What are the prime factors of 530482908?
2, 3, 499, 88591
List the prime factors of 10185569.
10185569
What are the prime factors of 533373405?
3, 5, 73, 487099
List the prime factors of 295327162.
2, 13, 17, 103, 499
What are the prime factors of 1148208722?
2, 19, 383, 78893
What are the prime factors of 25142726?
2, 7, 23, 113, 691
List the prime factors of 115828695.
3, 5, 167, 15413
List the prime factors of 170971150.
2, 5, 7, 557, 877
List the prime factors of 247600223.
13, 17, 1120363
List the prime factors of 915593575.
5, 13, 2817211
What are the prime factors of 3285842796?
2, 3, 29, 71, 97, 457
List the prime factors of 968115751.
331, 467, 6263
List the prime factors of 250468258.
2, 125234129
List the prime factors of 2576381978.
2, 131, 9833519
What are the prime factors of 1255192332?
2, 3, 151, 692711
List the prime factors of 4889186.
2, 43, 139, 409
What are the prime fact